p, 0 = 5*p - 5. Suppose 161 = a*b - 0*g - 3*g, -b + 45 = 4*g. List the prime factors of b.
41
Suppose 2*n = s - 24, -5*s - 2*n = n - 107. Let d = s + -12. What are the prime factors of d?
2, 5
Let x(s) = s**3 - 3*s**2 - 4*s + 3. Let r(w) = -w**3 + 3*w**2 + 3*w - 3. Let y(m) = -4*r(m) - 3*x(m). List the prime factors of y(4).
19
Suppose 16 = -3*a - 20. Let g = -5 - a. List the prime factors of g.
7
Let j = -37 + 242. List the prime factors of j.
5, 41
Let b(r) = r**3 + 12*r**2 + 2*r - 9. Let f be b(-11). List the prime factors of (f/35)/(3/28).
2, 3
Let j be 76/(-18) - (-2)/9. List the prime factors of 292/20 - j/10.
3, 5
Let n(s) = 15*s - 15. Let p(f) = 7*f - 8. Let h(i) = -4*n(i) + 9*p(i). List the prime factors of h(9).
3, 5
Let o be 4 + -2 - 2/(-2). Suppose o*r + 2*f = 4*f - 5, 3*r + 3*f = 0. What are the prime factors of r - -2 - (0 - 11)?
2, 3
Suppose 6 = -5*k - 9. Let z be ((-2)/(-4))/(k/(-36)). Suppose 2*y + 56 = z*y. What are the prime factors of y?
2, 7
Let w be (24/10)/((-12)/(-30)). List the prime factors of ((-50)/3)/(w/(-9)).
5
Let r be 11 + -2 + -3 - 2. Suppose -4*n + n - 3*b + 21 = 0, -24 = -2*n - r*b. What are the prime factors of n?
2
Let d be 2/5 - (-17)/(-5). Let p be d/((-2)/4*2). Suppose 2*k + 4*o + 1 + 1 = 0, 5*o + 30 = p*k. What are the prime factors of k?
5
Let c(f) = 12*f - 41. What are the prime factors of c(19)?
11, 17
Suppose -2*c = 13 + 3. Let s = c - -7. What are the prime factors of 2 + 0/(s + 0)?
2
Suppose -5*h = -8 - 7. Suppose 3*s = -m - 3, -h*s - 2*s = -3*m + 19. Suppose 4*r - 5*o + 3*o - 26 = 0, 0 = 5*r - m*o - 35. List the prime factors of r.
2
Let u(t) = 2*t**2 - 22*t - 17. List the prime factors of u(13).
5, 7
Let g be -6*(-1)/(3/24). Suppose -3*m = 3 + g. Let j = 25 + m. List the prime factors of j.
2
Suppose -3*s + n = -19, 0 = 4*s + n - 4*n - 32. Suppose 0 = k + 3*l - 19, -s*k + 117 = 3*l + 46. List the prime factors of k.
13
Let w = 23 - 11. What are the prime factors of w?
2, 3
Let k be -1 + ((-1)/1 - 0). Let q be (k/(-1) + 8)/(-1). List the prime factors of (-62)/(-22) + q/(-55).
3
Let t(n) = n**3 + 14*n**2 + 8*n + 25. List the prime factors of t(-13).
2, 3, 5
Let f(t) = -t**3 + 5*t**2 - 2*t - 4. Let b be f(5). Let c = -29 + 50. Let k = b + c. List the prime factors of k.
7
Let u = -2 - -2. Suppose 42 = -u*j + j. List the prime factors of j.
2, 3, 7
Let v(j) = j**2 - 7*j + 9. Let f be v(6). Suppose -6*k + 18 = 5*m - 8*k, 3*m + 4*k + 10 = 0. List the prime factors of 2*f - (m - 1).
5
Let k = -59 - -125. Let o = k + -33. List the prime factors of o.
3, 11
Suppose 4*k + 111 = 311. What are the prime factors of k?
2, 5
Let z(c) = -c**3 + 3*c**2 - 3*c + 2. Let i be z(2). Suppose i = -4*x + 2*d - 3*d - 134, -64 = 2*x - d. What are the prime factors of 2/((-105)/x + -3)?
11
Let d = 723 + -316. List the prime factors of d.
11, 37
Suppose 5*u - 47 - 13 = 0. Let q = 22 - u. List the prime factors of q.
2, 5
Let m(i) = i + 3. Let k be m(10). Let j = 25 + k. List the prime factors of j.
2, 19
Suppose -1 = -5*n + r, -2*n - 1 = -3*r + 4*r. Suppose -111 = -2*w + 5*h, w + n*w + 5*h - 63 = 0. What are the prime factors of w?
2, 29
Let a be 2*(-4 - 212/8). Let j = a - -117. List the prime factors of j.
2, 7
Suppose -a + 20 = 2. List the prime factors of a.
2, 3
Let k(g) = 18*g - 1. Let l be k(1). Let w = -11 + l. List the prime factors of w.
2, 3
Let z = 2 + -1. Let x = 8 - z. What are the prime factors of x?
7
Let b(k) = -2*k**3 + 6*k**2 + 6*k + 10. List the prime factors of b(-4).
2, 3, 5, 7
Let a = 276 + -67. Let i be a/5 + 2/10. Suppose 3*y - 4*l - 12 = 2, i = 5*y - 2*l. What are the prime factors of y?
2, 5
Let d = 16 - 11. Let q be 0*(28/(-8) - -3). Suppose m - 4 - d = -k, -4*m - 3*k + 31 = q. What are the prime factors of m?
2
Suppose 0 = -2*b - 0*b - 4, 55 = 3*d - 5*b. List the prime factors of d.
3, 5
Let s(z) = 117*z**3 - 2*z + 1. What are the prime factors of s(1)?
2, 29
Let g(b) = -b - 3. Let x be g(-6). Suppose 2*a = -7*y + 5*y + 32, -24 = -x*y + 5*a. What are the prime factors of y?
13
Let f(m) = -m + 5. Let q be f(-7). Suppose p = -0*p + q. List the prime factors of p.
2, 3
Let h be 32/(-5) + 9/(-15). Let v(c) = -8*c - 10. Let b be v(h). Suppose -4*x + 0*x + 2*p = -b, x = -2*p + 19. List the prime factors of x.
13
Let n(p) = p**3 - 2*p**2 + 3*p - 2. Let i be n(2). Suppose -82 = -i*m - 2*d, 0 = -d - d - 2. List the prime factors of m.
3, 7
Suppose -4*a - a = 0. Suppose a*t + 3*t = 9. Suppose -5*o - t*g + 74 = 0, -5*g + 54 = o + 3*o. What are the prime factors of o?
2
Let d be ((-20)/15)/(2/(-6)). Let h(i) = -i**3 + 3*i**2 + 4*i + 4. Let x be h(d). Suppose -4*b = -t + 15 + 8, -3*t + 29 = -x*b. List the prime factors of t.
3
Let x(j) be the third derivative of j**5/30 - 5*j**4/24 + j**3/2 + j**2. List the prime factors of x(4).
3, 5
Suppose -5*p = 4*g - 17, -2*p + p = -2*g + 5. Suppose -5*q + 2*q = -m + 3, -g*q + 4*m = -6. What are the prime factors of q*5/(-2)*3?
3, 5
Let j(m) = -29*m - 1. What are the prime factors of j(-3)?
2, 43
Let a(r) = 0*r - r + 10*r**2 - 1 - r. Suppose 8*q = 3*q - 5. What are the prime factors of a(q)?
11
Suppose -11*g = -10*g - 38. List the prime factors of g.
2, 19
Let c be ((-6)/(-9) - 2)*3. Let p = c - -11. Suppose p = y - 0*y. What are the prime factors of y?
7
Suppose 6*f = f + 5. Let s(l) = -2*l**3 + l**2 - l. Let v be s(f). List the prime factors of (2/v)/((-3)/15).
5
Suppose 2*h + 2*h = 16. Suppose 2*f - 94 = 2*b, 0 = -3*f + 5*b - 3*b + 143. Suppose -6*x + j + 59 = -x, f = h*x + j. List the prime factors of x.
2, 3
Let a = 10 + -8. Let d = a + 6. What are the prime factors of d?
2
Suppose 2*l + 0*l = -4*m - 12, l - 5*m = 22. Suppose 2*k - 21 = -k. Suppose -j - k = -l*j. What are the prime factors of j?
7
Let s(b) = b**2 - 3*b - 6. Let u be s(5). Suppose 5*m - 5 = u*m. List the prime factors of m.
5
Suppose 4*o = 2*a + 10, -4*o + 3*a + 11 = -2*o. Suppose i - 4 = -o. Suppose i*n + 5 = 17. What are the prime factors of n?
2
Let x = 373 + -249. List the prime factors of x.
2, 31
Suppose -2*l - 3*l = -5. What are the prime factors of 2/4*24/l?
2, 3
Suppose -p = 5*m - 144, 0 = 2*p - 4*p + 5*m + 228. What are the prime factors of p?
2, 31
Suppose -5*x = 4*v + 13, 3*x + 3 = 2*x - v. Let p(s) be the first derivative of 7*s**3/3 + 2. List the prime factors of p(x).
7
List the prime factors of (65/4)/(6/48).
2, 5, 13
Suppose -5*y + k = -6*y + 36, -4*y = 2*k - 136. What are the prime factors of y?
2
Let y(q) = -q + 4. Suppose 0 = 2*p + 2*k + 18, 5*p - 4*k + 0*k = -9. Let s be y(p). Suppose -s*w + 15 = -4*w. What are the prime factors of w?
3
Suppose j + 12 = -2*j, 4*n - 568 = -2*j. List the prime factors of n.
2, 3
Let k(m) be the second derivative of m**6/180 - m**5/20 + m**4/24 - m**3/2 + 2*m. Let x(v) be the second derivative of k(v). List the prime factors of x(4).
3
Suppose 12 + 0 = 4*u. Suppose -2*x = -2*n - 12, u*x - 5*n = -0*x + 18. What are the prime factors of x?
2, 3
Let l be -1*2*11/(-2). Suppose -25 - l = -2*f. List the prime factors of f.
2, 3
Let j = -68 - -244. What are the prime factors of j?
2, 11
Let v(d) = d**3 - 9*d**2 + 6*d + 16. List the prime factors of v(9).
2, 5, 7
Suppose 4*f = 16*f - 1824. List the prime factors of f.
2, 19
Let u = 124 + -80. List the prime factors of u.
2, 11
Let k = -4 - -5. Let l be (1 - k)/(1 + 0). Let h = 3 - l. List the prime factors of h.
3
Let p(v) = -v + 1. Suppose -j + 1 = u, -j - 2*j + 2*u - 7 = 0. Let y be p(j). Suppose y*g + 2*g = 40. What are the prime factors of g?
2, 5
Let u = 3 + -6. Let t be (-1 - (-294)/3) + u. Suppose -n + 26 = 2*m + 2, t = 5*n - 3*m. What are the prime factors of n?
2, 5
Let x = -76 - -131. What are the prime factors of x?
5, 11
Let s be 3/(-2)*2*7. Let k be 3/2 + (-426)/(-12). Let m = k + s. List the prime factors of m.
2
Suppose -2*k - 114 = -3*m, -24 - 52 = -2*m - 3*k. Let j = -3 + 7. Suppose 0 = -3*i - j*a + m, a = 5*i - 2*a - 102. What are the prime factors of i?
2, 3
Let k = -16 - -8. Let j(u) = 19*u**2 - 2*u + 1. Let a be j(1). Let x = k + a. What are the prime factors of x?
2, 5
Let q(b) = -b**3 - 4*b**2 - 2*b - 2. Suppose 3*j = 3 + 3. Let w be 4/j*(3 + -5). What are the prime factors of q(w)?
2, 3
Suppose 2*a + 3*p = 6*p - 6, 2*a + p - 10 = 0. Suppose 0 = 2*y - 4*v - 64, a*y + 65 = 5*y -